{"id":346,"date":"2010-11-08T10:32:05","date_gmt":"2010-11-08T10:32:05","guid":{"rendered":"http:\/\/mdk.gorlice.net.pl\/?page_id=346"},"modified":"2010-11-09T11:22:49","modified_gmt":"2010-11-09T11:22:49","slug":"koledy","status":"publish","type":"page","link":"https:\/\/mdk.gorlice.net.pl\/?page_id=346","title":{"rendered":"Kol\u0119dy"},"content":{"rendered":"<p>Koncert Kol\u0119d<br \/>\nOkres kol\u0119dowy przypada na czas kiedy ko\u0144czy si\u0119 I p\u00f3\u0142rocze roku szkolnego. Zatem jest to niebywa\u0142a okazja do zaprezentowania swoich umiej\u0119tno\u015bci przez uczestnik\u00f3w k\u00f3\u0142 muzycznych.<br \/>\n10 lat temu inicjatorem tych koncert\u00f3w by\u0142 obecny dyrektor MDK Tomasz Kubala. Kolejne koncerty przyci\u0105ga\u0142y coraz liczniejsz\u0105 rzesz\u0119 s\u0142uchaczy a ich formu\u0142a rozrasta\u0142a si\u0119. Do obecnego roku wyst\u0105pi\u0142o ju\u017c kilka renomowanych zespo\u0142\u00f3w mm.in. &#8220;Serencza&#8221;, &#8220;Ostatnia Wieczerza w Karczmie Przeznaczonej do Rozbi\u00f3rki&#8221; zesp\u00f3\u0142 jazzowy Miros\u0142awa Bogonia oraz ch\u00f3r Belfersingers.<\/p>\n","protected":false},"excerpt":{"rendered":"<p>Koncert Kol\u0119d Okres kol\u0119dowy przypada na czas kiedy ko\u0144czy si\u0119 I p\u00f3\u0142rocze roku szkolnego. Zatem jest to niebywa\u0142a okazja do zaprezentowania swoich umiej\u0119tno\u015bci przez uczestnik\u00f3w k\u00f3\u0142 muzycznych. 10 lat temu inicjatorem tych koncert\u00f3w by\u0142 obecny dyrektor MDK Tomasz Kubala. Kolejne koncerty przyci\u0105ga\u0142y coraz liczniejsz\u0105 rzesz\u0119 s\u0142uchaczy a ich formu\u0142a rozrasta\u0142a si\u0119. Do obecnego roku wyst\u0105pi\u0142o [&hellip;]<\/p>\n","protected":false},"author":2,"featured_media":0,"parent":342,"menu_order":0,"comment_status":"closed","ping_status":"open","template":"","meta":{"ngg_post_thumbnail":0},"_links":{"self":[{"href":"https:\/\/mdk.gorlice.net.pl\/index.php?rest_route=\/wp\/v2\/pages\/346"}],"collection":[{"href":"https:\/\/mdk.gorlice.net.pl\/index.php?rest_route=\/wp\/v2\/pages"}],"about":[{"href":"https:\/\/mdk.gorlice.net.pl\/index.php?rest_route=\/wp\/v2\/types\/page"}],"author":[{"embeddable":true,"href":"https:\/\/mdk.gorlice.net.pl\/index.php?rest_route=\/wp\/v2\/users\/2"}],"replies":[{"embeddable":true,"href":"https:\/\/mdk.gorlice.net.pl\/index.php?rest_route=%2Fwp%2Fv2%2Fcomments&post=346"}],"version-history":[{"count":5,"href":"https:\/\/mdk.gorlice.net.pl\/index.php?rest_route=\/wp\/v2\/pages\/346\/revisions"}],"predecessor-version":[{"id":399,"href":"https:\/\/mdk.gorlice.net.pl\/index.php?rest_route=\/wp\/v2\/pages\/346\/revisions\/399"}],"up":[{"embeddable":true,"href":"https:\/\/mdk.gorlice.net.pl\/index.php?rest_route=\/wp\/v2\/pages\/342"}],"wp:attachment":[{"href":"https:\/\/mdk.gorlice.net.pl\/index.php?rest_route=%2Fwp%2Fv2%2Fmedia&parent=346"}],"curies":[{"name":"wp","href":"https:\/\/api.w.org\/{rel}","templated":true}]}}