{"id":356,"date":"2010-11-08T12:33:53","date_gmt":"2010-11-08T12:33:53","guid":{"rendered":"http:\/\/mdk.gorlice.net.pl\/?page_id=356"},"modified":"2010-11-10T10:04:42","modified_gmt":"2010-11-10T10:04:42","slug":"radosc-dzieciom","status":"publish","type":"page","link":"https:\/\/mdk.gorlice.net.pl\/?page_id=356","title":{"rendered":"Rado\u015b\u0107 Dzieciom"},"content":{"rendered":"<p>Organizatorem i pomys\u0142odawc\u0105 jest instr.   Renata Gawlak &#8211; Spyra .<br \/>\nPrzegl\u0105d nie ma formy rywalizacji czy konkursu. Celem jest zdobycie do\u015bwiadcze\u0144, integracja zespo\u0142owa, wymiana pogl\u0105d\u00f3w, do\u015bwiadcze\u0144, spostrze\u017ce\u0144 a tak\u017ce ch\u0119\u0107 rozwijania aktywno\u015bci kulturalnej dzieci i m\u0142odzie\u017cy. Obecna na przegl\u0105dzie komisja jest do dyspozycji instruktor\u00f3w &#8211; opiekun\u00f3w zespo\u0142\u00f3w. Mo\u017cna zasi\u0119gn\u0105\u0107 informacji na temat uwag, spostrze\u017ce\u0144, repertuaru, jego wykonania, doboru muzyki, stroj\u00f3w i wyrazu artystycznego grup tanecznych.<\/p>\n","protected":false},"excerpt":{"rendered":"<p>Organizatorem i pomys\u0142odawc\u0105 jest instr. Renata Gawlak &#8211; Spyra . Przegl\u0105d nie ma formy rywalizacji czy konkursu. Celem jest zdobycie do\u015bwiadcze\u0144, integracja zespo\u0142owa, wymiana pogl\u0105d\u00f3w, do\u015bwiadcze\u0144, spostrze\u017ce\u0144 a tak\u017ce ch\u0119\u0107 rozwijania aktywno\u015bci kulturalnej dzieci i m\u0142odzie\u017cy. Obecna na przegl\u0105dzie komisja jest do dyspozycji instruktor\u00f3w &#8211; opiekun\u00f3w zespo\u0142\u00f3w. Mo\u017cna zasi\u0119gn\u0105\u0107 informacji na temat uwag, spostrze\u017ce\u0144, repertuaru, [&hellip;]<\/p>\n","protected":false},"author":2,"featured_media":0,"parent":274,"menu_order":0,"comment_status":"closed","ping_status":"open","template":"","meta":{"ngg_post_thumbnail":0},"_links":{"self":[{"href":"https:\/\/mdk.gorlice.net.pl\/index.php?rest_route=\/wp\/v2\/pages\/356"}],"collection":[{"href":"https:\/\/mdk.gorlice.net.pl\/index.php?rest_route=\/wp\/v2\/pages"}],"about":[{"href":"https:\/\/mdk.gorlice.net.pl\/index.php?rest_route=\/wp\/v2\/types\/page"}],"author":[{"embeddable":true,"href":"https:\/\/mdk.gorlice.net.pl\/index.php?rest_route=\/wp\/v2\/users\/2"}],"replies":[{"embeddable":true,"href":"https:\/\/mdk.gorlice.net.pl\/index.php?rest_route=%2Fwp%2Fv2%2Fcomments&post=356"}],"version-history":[{"count":6,"href":"https:\/\/mdk.gorlice.net.pl\/index.php?rest_route=\/wp\/v2\/pages\/356\/revisions"}],"predecessor-version":[{"id":420,"href":"https:\/\/mdk.gorlice.net.pl\/index.php?rest_route=\/wp\/v2\/pages\/356\/revisions\/420"}],"up":[{"embeddable":true,"href":"https:\/\/mdk.gorlice.net.pl\/index.php?rest_route=\/wp\/v2\/pages\/274"}],"wp:attachment":[{"href":"https:\/\/mdk.gorlice.net.pl\/index.php?rest_route=%2Fwp%2Fv2%2Fmedia&parent=356"}],"curies":[{"name":"wp","href":"https:\/\/api.w.org\/{rel}","templated":true}]}}