{"id":424,"date":"2010-11-10T10:09:36","date_gmt":"2010-11-10T10:09:36","guid":{"rendered":"http:\/\/mdk.gorlice.net.pl\/?page_id=424"},"modified":"2019-04-05T11:37:20","modified_gmt":"2019-04-05T11:37:20","slug":"powiatowy-konkurs-fotograficzny-osobliwosci-ziemi-gorlickiej","status":"publish","type":"page","link":"https:\/\/mdk.gorlice.net.pl\/?page_id=424","title":{"rendered":"Powiatowy Konkurs Fotograficzny &#8220;Osobliwo\u015bci ziemi gorlickiej&#8221;"},"content":{"rendered":"<p>Powiatowy Konkurs Fotograficzny &#8220;Osobliwo\u015bci ziemi gorlickiej&#8221; organizowany jest przez M\u0142odzie\u017cowy Dom Kultury w Gorlicach. Pocz\u0105wszy od jego pierwszej edycji wiosn\u0105 2010 stanowi on form\u0119 upowszechniania kultury i sztuki poprzez aktywny udzia\u0142 m\u0142odzie\u017cy w tworzeniu, przegl\u0105dzie i wynikaj\u0105cej z idei konkursu konfrontacji obrazu fotograficznego.<br \/>\nJednym z podstawowych za\u0142o\u017ce\u0144 konkursu jest generowanie postawy tw\u00f3rczej w skutkach percepcji rzeczywisto\u015bci poprzez dost\u0119pne w ramach sztuki fotograficznej metody.<br \/>\nG\u0142\u00f3wnym organizatorem i pomys\u0142odawc\u0105 konkursu jest instruktor plastyki i fotografii MDK Wojciech Haberek.<\/p>\n","protected":false},"excerpt":{"rendered":"<p>Powiatowy Konkurs Fotograficzny &#8220;Osobliwo\u015bci ziemi gorlickiej&#8221; organizowany jest przez M\u0142odzie\u017cowy Dom Kultury w Gorlicach. Pocz\u0105wszy od jego pierwszej edycji wiosn\u0105 2010 stanowi on form\u0119 upowszechniania kultury i sztuki poprzez aktywny udzia\u0142 m\u0142odzie\u017cy w tworzeniu, przegl\u0105dzie i wynikaj\u0105cej z idei konkursu konfrontacji obrazu fotograficznego. Jednym z podstawowych za\u0142o\u017ce\u0144 konkursu jest generowanie postawy tw\u00f3rczej w skutkach percepcji [&hellip;]<\/p>\n","protected":false},"author":2,"featured_media":0,"parent":274,"menu_order":341,"comment_status":"closed","ping_status":"closed","template":"","meta":{"ngg_post_thumbnail":0},"_links":{"self":[{"href":"https:\/\/mdk.gorlice.net.pl\/index.php?rest_route=\/wp\/v2\/pages\/424"}],"collection":[{"href":"https:\/\/mdk.gorlice.net.pl\/index.php?rest_route=\/wp\/v2\/pages"}],"about":[{"href":"https:\/\/mdk.gorlice.net.pl\/index.php?rest_route=\/wp\/v2\/types\/page"}],"author":[{"embeddable":true,"href":"https:\/\/mdk.gorlice.net.pl\/index.php?rest_route=\/wp\/v2\/users\/2"}],"replies":[{"embeddable":true,"href":"https:\/\/mdk.gorlice.net.pl\/index.php?rest_route=%2Fwp%2Fv2%2Fcomments&post=424"}],"version-history":[{"count":7,"href":"https:\/\/mdk.gorlice.net.pl\/index.php?rest_route=\/wp\/v2\/pages\/424\/revisions"}],"predecessor-version":[{"id":426,"href":"https:\/\/mdk.gorlice.net.pl\/index.php?rest_route=\/wp\/v2\/pages\/424\/revisions\/426"}],"up":[{"embeddable":true,"href":"https:\/\/mdk.gorlice.net.pl\/index.php?rest_route=\/wp\/v2\/pages\/274"}],"wp:attachment":[{"href":"https:\/\/mdk.gorlice.net.pl\/index.php?rest_route=%2Fwp%2Fv2%2Fmedia&parent=424"}],"curies":[{"name":"wp","href":"https:\/\/api.w.org\/{rel}","templated":true}]}}