{"id":429,"date":"2010-11-10T10:39:31","date_gmt":"2010-11-10T10:39:31","guid":{"rendered":"http:\/\/mdk.gorlice.net.pl\/?page_id=429"},"modified":"2024-10-29T10:15:38","modified_gmt":"2024-10-29T10:15:38","slug":"wojewodzki-konkurs-recytatorski-mlodziezy-gimnazjalnej-trzebinia","status":"publish","type":"page","link":"https:\/\/mdk.gorlice.net.pl\/?page_id=429","title":{"rendered":"Og\u00f3lnopolski Konkurs Polskiej Poezji Religijnej \u201ePier\u015bcie\u0144 \u015bw. Kingi\u201d"},"content":{"rendered":"<p>Regulamin<br \/>\nXXVIII Og\u00f3lnopolskiego Konkursu Polskiej Poezji Religijnej \u201ePier\u015bcie\u0144 \u015bw. Kingi\u201d<br \/>\nNowy S\u0105cz \u2013 Bochnia \u2013 11.12.2024 r.<br \/>\nOrganizatorzy<br \/>\nLudomir Handzel Prezydent Nowego S\u0105cza<br \/>\nKopalnia Soli Bochnia<br \/>\nPa\u0142ac M\u0142odzie\u017cy w Nowym S\u0105czu<br \/>\nWydawnictwo Diecezji Tarnowskiej PROMYCZEK<br \/>\nStowarzyszenie PROMYCZEK DZIECIOM<br \/>\nWarunki uczestnictwa<br \/>\n1. Konkurs przeznaczony jest dla uczni\u00f3w szk\u00f3\u0142 podstawowych.<br \/>\n2. Przes\u0142uchania konkursowe b\u0119d\u0105 si\u0119 odbywa\u0107 w trzech kategoriach wiekowych (uwzgl\u0119dniamy przynale\u017cno\u015b\u0107 dzieci do klas, a nie rok urodzenia):<br \/>\nklasy 1 \u2013 3,<br \/>\nklasy 4 \u2013 6,<br \/>\nklasy 7 \u2013 8.<br \/>\n3. Przes\u0142uchania fina\u0142owe zostan\u0105 poprzedzone eliminacjami rejonowymi. Do eliminacji rejonowych szko\u0142y kwalifikuj\u0105 po trzy osoby z ka\u017cdej kategorii.<br \/>\n4. Czas recytacji nie mo\u017ce przekroczy\u0107 3 minut.<br \/>\n5. Plac\u00f3wki o\u015bwiatowe i domy kultury organizuj\u0105ce przes\u0142uchania rejonowe kwalifikuj\u0105 do fina\u0142u konkursu laureat\u00f3w I, II i III miejsca, ale nie wi\u0119cej ni\u017c 9 uczni\u00f3w z jednego rejonu.<br \/>\n6. Przes\u0142uchania dla rejonu gorlickiego odb\u0119d\u0105 si\u0119 dnia 2 grudnia 2024 r. o godzinie 10.00 w M\u0142odzie\u017cowym Domu Kultury, ul. Cicha 4. Zg\u0142oszenia do przes\u0142ucha\u0144 rejonowych w Gorlicach prosimy nadsy\u0142a\u0107 do dnia 22 listopada 2024  na adres: M\u0142odzie\u017cowy Dom Kultury w Gorlicach, ul. Cicha 4, 38-300 Gorlice lub dostarczy\u0107 bezpo\u015brednio do sekretariatu plac\u00f3wki w godzinach 8.30- 14.30. Organizacj\u0105 przes\u0142ucha\u0144 zajmuje si\u0119 Dominika Jod\u0142owska- Kubala tel. 518\u00a0373\u00a0213<br \/>\n7. Przes\u0142uchania fina\u0142owe odb\u0119d\u0105 si\u0119 w Kopalni Soli Bochnia w dniu 11 grudnia 2024 r. Uczestnicy spotykaj\u0105 si\u0119 w recepcji Kopalni Soli Bochnia, 11.12.2024 r., w godz. 9.00 \u2013 10.00, ul. Campi 15.<br \/>\nKryteria oceny<br \/>\nJury konkursu oceni wyst\u0119py uczestnik\u00f3w bior\u0105c pod uwag\u0119 nast\u0119puj\u0105ce kryteria:<br \/>\ndob\u00f3r repertuaru,<br \/>\ninterpretacja utworu,<br \/>\nkultura s\u0142owa,<br \/>\nog\u00f3lny wyraz artystyczny (prosimy o nieu\u017cywanie stroj\u00f3w teatralnych i rekwizyt\u00f3w).<br \/>\nNagrody i wyr\u00f3\u017cnienia<br \/>\nPo przes\u0142uchaniach ko\u0144cowych jury przyzna dyplomy oraz nagrody rzeczowe okre\u015blaj\u0105c I, II i III  miejsce  w  trzech  kategoriach  wiekowych.  Ponadto  przewidujemy  wyr\u00f3\u017cnienia i prezentacj\u0119 na antenie rozg\u0142o\u015bni radiowych oraz og\u0142oszenie wynik\u00f3w w mediach, kt\u00f3re przyj\u0119\u0142y patronat nad konkursem, a tak\u017ce na stronach internetowych organizator\u00f3w.<br \/>\nInformacje dla finalist\u00f3w<br \/>\nKoszt pobytu (zjazd, uczestnictwo w konkursie i zwiedzanie Kopalni Soli) od jednej osoby wynosi:<br \/>\n70 z\u0142 \u2013 dziecko,<br \/>\n80 z\u0142 \u2013 osoba towarzysz\u0105ca (opiekun).<br \/>\nUwaga! Nie mo\u017cna p\u0142aci\u0107 kart\u0105. Wy\u017cywienie we w\u0142asnym zakresie.<\/p>\n<p>Pozosta\u0142e uwagi<br \/>\nPomoc\u0105 w doborze repertuaru mo\u017ce by\u0107 ksi\u0105\u017cka: \u201ePromyki dobroci i rado\u015bci \u2013 Antologia poezji religijnej dla dzieci\u201d cz. 1 i cz. 2 \u2013 dost\u0119pna w ksi\u0119garniach lub u organizatora tel. 18 443 44 00, www.sklep.promyczek.pl W publikacjach znajdzie si\u0119 ponad 300 utwor\u00f3w blisko 30 autor\u00f3w aktualnie pisz\u0105cych dla dzieci.<br \/>\nWszystkie osoby wsp\u00f3\u0142pracuj\u0105ce przy wydarzeniu przesz\u0142y weryfikacje i zapozna\u0142y si\u0119 z procedurami ochrony dzieci przed krzywdzeniem wg Standard\u00f3w Ochrony Nieletnich obowi\u0105zuj\u0105cych w Pa\u0142acu M\u0142odzie\u017cy w Nowym S\u0105czu.<br \/>\nPrzetwarzanie danych osobowych:<br \/>\n1. Administratorem danych osobowych przekazanych przez uczestnik\u00f3w jest Organizator Konkursu \u2013 Pa\u0142ac M\u0142odzie\u017cy w Nowym S\u0105czy, z siedzib\u0105 Rynek 14, 33-300 Nowy S\u0105cz, oraz Wydawnictwo Diecezji Tarnowskiej \u201ePromyczek\u201d z siedzib\u0105 Plac Kolegiacki 4, 33-300 Nowy S\u0105cz, kt\u00f3re zapewnia wszystkim zg\u0142oszonym uczestnikom realizacj\u0119 uprawnie\u0144 wynikaj\u0105cych z unijnego Rozporz\u0105dzenia Parlamentu Europejskiego i Rady (UE) 2016\/679 z dnia 27 Kwietnia 2016 r. w sprawie ochrony os\u00f3b fizycznych w zwi\u0105zku z przetwarzaniem danych osobowych i w sprawie swobodnego przep\u0142ywu takich danych.<br \/>\n2. Dane osobowe przekazane organizatorowi i wsp\u00f3\u0142organizatorom przez uczestnik\u00f3w Konkursu b\u0119d\u0105 przez niego przetwarzane w celu realizacji Konkursu i wy\u0142onienia zwyci\u0119zc\u00f3w Konkursu oraz przyznaniu nagr\u00f3d. Podanie danych osobowych jest dobrowolne, a uczestnikowi przys\u0142uguje prawo wgl\u0105du, \u017c\u0105dania aktualizacji lub usuni\u0119cia danych.<br \/>\n3. Uczestnik przyst\u0119puj\u0105c do Konkursu, wraz z opiekunem prawnym wyra\u017ca zgod\u0119 na przetwarzanie podanych danych osobowych w celach okre\u015blonych w Regulaminie oraz na opublikowanie jego imienia i nazwiska, miejscowo\u015bci, z kt\u00f3rej pochodzi oraz wizerunku: w programach telewizyjnych (relacjach z Konkursu), artyku\u0142ach prasowych, na stronach internetowych www.palacmlodziezy.pl www.promyczek.pl oraz na profilach Facebook Pa\u0142acu M\u0142odzie\u017cy i Wydawnictwa \u201ePromyczek\u201d poprzez podpisanie zgody znajduj\u0105cej si\u0119 na Karcie Zg\u0142oszenia. (usun\u0105\u0107 to zdanie: Uczestnik Konkursu wyra\u017ca zgod\u0119 na przekazanie swoich danych osobowych fundatorowi w celu umo\u017cliwienia zwyci\u0119zcy odbioru nagr\u00f3d.)<br \/>\n4. Wyra\u017cam zgod\u0119 na przetwarzanie przez organizatora \u2013 Pa\u0142ac M\u0142odzie\u017cy w Nowym S\u0105czu i Wydawnictwo \u201ePromyczek\u201d oraz partner\u00f3w konkursu, danych osobowych podanych przeze mnie w zwi\u0105zku z przyst\u0105pieniem do Og\u00f3lnopolskiego Konkursu Polskiej Poezji Religijnej \u201ePier\u015bcie\u0144 \u015awi\u0119tej Kingi\u201d celu przeprowadzenia i realizacji konkursu. Wyra\u017cam zgod\u0119 na opublikowanie imienia i nazwiska mojego dziecka, miejscowo\u015bci, z kt\u00f3rej pochodz\u0119, i wizerunku na stronach internetowych: www.promyczek.pl i www.palacmlodziezy.pl oraz profilach spo\u0142eczno\u015bciowym Facebook. (usun\u0105\u0107 to zdanie: oraz na przekazanie moich danych osobowych fundatorowi nagr\u00f3d.) Jednocze\u015bnie informuj\u0119, \u017ce jestem \u015bwiadomy dobrowolno\u015bci podania danych osobowych oraz \u017ce zosta\u0142em poinformowany o prawie wgl\u0105du do moich danych, mo\u017cliwo\u015bci ich poprawiania oraz zg\u0142oszenia sprzeciwu co do dalszego ich przetwarzania oraz na przekazanie moich danych osobowych fundatorowi nagr\u00f3d.<\/p>\n<p>Og\u00f3lnopolski Konkurs Polskiej Poezji Religijnej<br \/>\n            \u201dPIER\u015aCIE\u0143 \u015aWI\u0118TEJ KINGI\u201d<\/p>\n<p>KARTA ZG\u0141OSZENIA<\/p>\n<p>\u2026\u2026\u2026\u2026\u2026..\u2026\u2026\u2026\u2026\u2026\u2026\u2026\u2026\u2026\u2026\u2026\u2026\u2026\u2026\u2026\u2026\u2026\u2026\u2026\u2026\u2026\u2026\u2026\u2026\u2026\u2026\u2026\u2026\u2026\u2026\u2026\u2026\u2026\u2026\u2026\u2026\u2026\u2026\u2026\u2026..<br \/>\nImi\u0119 i nazwisko uczestnika<\/p>\n<p>\u2026\u2026\u2026\u2026\u2026..\u2026\u2026\u2026\u2026\u2026\u2026\u2026\u2026\u2026\u2026\u2026\u2026\u2026\u2026\u2026\u2026\u2026\u2026\u2026\u2026\u2026\u2026\u2026\u2026\u2026\u2026\u2026\u2026\u2026\u2026\u2026\u2026\u2026\u2026\u2026\u2026\u2026\u2026\u2026\u2026..<br \/>\nKlasa i nazwa szko\u0142y<\/p>\n<p>\u2026\u2026\u2026\u2026\u2026..\u2026\u2026\u2026\u2026\u2026\u2026\u2026\u2026\u2026\u2026\u2026\u2026\u2026\u2026\u2026\u2026\u2026\u2026\u2026\u2026\u2026\u2026\u2026\u2026\u2026\u2026\u2026\u2026\u2026\u2026\u2026\u2026\u2026\u2026\u2026\u2026\u2026\u2026\u2026\u2026..<br \/>\nNazwisko osoby przygotowuj\u0105cej dziecko<\/p>\n<p>\u2026\u2026\u2026\u2026\u2026..\u2026\u2026\u2026\u2026\u2026\u2026\u2026\u2026\u2026\u2026\u2026\u2026\u2026\u2026\u2026\u2026\u2026\u2026\u2026\u2026\u2026\u2026\u2026\u2026\u2026\u2026\u2026\u2026\u2026\u2026\u2026\u2026\u2026\u2026\u2026\u2026\u2026\u2026\u2026\u2026..<br \/>\n     Telefon kontaktowy oraz e-mail osoby przygotowuj\u0105cej dziecko<\/p>\n<p>\u2026\u2026\u2026\u2026\u2026..\u2026\u2026\u2026\u2026\u2026\u2026\u2026\u2026\u2026\u2026\u2026\u2026\u2026\u2026\u2026\u2026\u2026\u2026\u2026\u2026\u2026\u2026\u2026\u2026\u2026\u2026\u2026\u2026\u2026\u2026\u2026\u2026\u2026\u2026\u2026\u2026\u2026\u2026\u2026\u2026..<br \/>\nAutor i tytu\u0142 utworu<\/p>\n<p>\u2026\u2026\u2026\u2026\u2026..\u2026\u2026\u2026\u2026\u2026\u2026\u2026\u2026\u2026\u2026\u2026\u2026\u2026\u2026\u2026\u2026\u2026\u2026\u2026\u2026\u2026\u2026\u2026\u2026\u2026\u2026\u2026\u2026\u2026\u2026\u2026\u2026\u2026\u2026\u2026\u2026\u2026\u2026\u2026\u2026..<br \/>\n     Nazwa instytucji kieruj\u0105cej dziecko na przes\u0142uchania fina\u0142owe<\/p>\n<p>Przetwarzanie danych osobowych:<\/p>\n<p>1. Administratorem danych osobowych przekazanych przez uczestnik\u00f3w jest Organizator Konkursu\u2013 Pa\u0142ac M\u0142odzie\u017cy w\u00a0Nowym S\u0105czy, z siedzib\u0105 Rynek 14, 33-300 Nowy S\u0105cz, oraz Wydawnictwo Diecezji Tarnowskiej \u201ePromyczek\u201d z\u00a0siedzib\u0105 Plac Kolegiacki 4, 33-300 Nowy S\u0105cz, kt\u00f3re zapewnia wszystkim zg\u0142oszonym uczestnikom realizacj\u0119 uprawnie\u0144 wynikaj\u0105cych z z unijnego Rozporz\u0105dzenia Parlamentu Europejskiego i Rady (UE) 2016\/679 z dnia 27 Kwietnia 2016 r. w sprawie ochrony os\u00f3b fizycznych w zwi\u0105zku z przetwarzaniem danych osobowych i w sprawie swobodnego przep\u0142ywu takich danych.<br \/>\n2. Dane osobowe przekazane organizatorowi i wsp\u00f3\u0142organizatorom przez uczestnik\u00f3w Konkursu b\u0119d\u0105 przez niego przetwarzane w celu realizacji Konkursu i wy\u0142onienia zwyci\u0119zc\u00f3w Konkursu oraz przyznaniu nagr\u00f3d. Podanie danych osobowych jest dobrowolne, a uczestnikowi przys\u0142uguje prawo wgl\u0105du, \u017c\u0105dania aktualizacji lub usuni\u0119cia danych.<br \/>\n3. Uczestnik przyst\u0119puj\u0105c do Konkursu, wraz z opiekunem prawnym wyra\u017ca zgod\u0119 na przetwarzanie podanych danych osobowych w celach okre\u015blonych w Regulaminie oraz na opublikowanie jego imienia i nazwiska, miejscowo\u015bci, z kt\u00f3rej pochodzi oraz wizerunku: w programach telewizyjnych (relacjach z Konkursu), artyku\u0142ach prasowych, na stronach internetowych www.palacmlodziezy.pl www.promyczek.pl oraz na profilach Facebook Pa\u0142acu M\u0142odzie\u017cy i Wydawnictwa<br \/>\n\u201ePromyczek\u201d poprzez podpisanie zgody znajduj\u0105cej si\u0119 na Karcie Zg\u0142oszenia. Uczestnik Konkursu wyra\u017ca zgod\u0119 na przekazanie swoich danych osobowych fundatorowi w celu umo\u017cliwienia zwyci\u0119zcy odbioru nagr\u00f3d.<br \/>\n4. Wyra\u017cam zgod\u0119 na przetwarzanie przez organizatora \u2013 Pa\u0142ac M\u0142odzie\u017cy w Nowym S\u0105czu i Wydawnictwo \u201ePromyczek\u201d oraz partner\u00f3w konkursu oraz Koordynatora Konkursu \u2013 MDK Gorlice \u2013 na etapie eliminacji rejonowych &#8211; danych osobowych podanych przeze mnie w zwi\u0105zku z przyst\u0105pieniem do Og\u00f3lnopolskiego Konkursu Polskiej Poezji Religijnej \u201ePier\u015bcie\u0144 \u015awi\u0119tej Kingi\u201d celu przeprowadzenia i realizacji konkursu. Wyra\u017cam zgod\u0119 na opublikowanie imienia i nazwiska mojego dziecka, miejscowo\u015bci, z kt\u00f3rej pochodz\u0119, i wizerunku na stronach internetowych: www.promyczek.pl i www.palacmlodziezy.pl oraz www.mdk.net.pl oraz profilach spo\u0142eczno\u015bciowym Facebook oraz na przekazanie moich danych osobowych fundatorowi nagr\u00f3d. Jednocze\u015bnie informuj\u0119, \u017ce jestem \u015bwiadomy dobrowolno\u015bci podania danych osobowych oraz \u017ce zosta\u0142em poinformowany o prawie wgl\u0105du do moich danych, mo\u017cliwo\u015bci ich poprawiania oraz zg\u0142oszenia sprzeciwu co do dalszego ich przetwarzania oraz na przekazanie moich danych osobowych fundatorowi nagr\u00f3d.<\/p>\n<p>&#8230;&#8230;&#8230;&#8230;&#8230;&#8230;&#8230;&#8230;&#8230;&#8230;&#8230;&#8230;. &#8230;&#8230;&#8230;&#8230;&#8230;&#8230;..<br \/>\n\u2026\u2026\u2026\u2026&#8230;&#8230;&#8230;&#8230;&#8230;&#8230;&#8230;&#8230;&#8230;<br \/>\n\u2026\u2026\u2026\u2026&#8230;&#8230;&#8230;&#8230;&#8230;&#8230;&#8230;<br \/>\nMiejscowo\u015b\u0107\tData<br \/>\nPodpis Uczestnika<br \/>\nPodpis Opiekuna<\/p>\n","protected":false},"excerpt":{"rendered":"<p>Regulamin XXVIII Og\u00f3lnopolskiego Konkursu Polskiej Poezji Religijnej \u201ePier\u015bcie\u0144 \u015bw. Kingi\u201d Nowy S\u0105cz \u2013 Bochnia \u2013 11.12.2024 r. Organizatorzy Ludomir Handzel Prezydent Nowego S\u0105cza Kopalnia Soli Bochnia Pa\u0142ac M\u0142odzie\u017cy w Nowym S\u0105czu Wydawnictwo Diecezji Tarnowskiej PROMYCZEK Stowarzyszenie PROMYCZEK DZIECIOM Warunki uczestnictwa 1. Konkurs przeznaczony jest dla uczni\u00f3w szk\u00f3\u0142 podstawowych. 2. Przes\u0142uchania konkursowe b\u0119d\u0105 si\u0119 odbywa\u0107 w [&hellip;]<\/p>\n","protected":false},"author":2,"featured_media":0,"parent":358,"menu_order":255,"comment_status":"closed","ping_status":"open","template":"","meta":{"ngg_post_thumbnail":0},"_links":{"self":[{"href":"https:\/\/mdk.gorlice.net.pl\/index.php?rest_route=\/wp\/v2\/pages\/429"}],"collection":[{"href":"https:\/\/mdk.gorlice.net.pl\/index.php?rest_route=\/wp\/v2\/pages"}],"about":[{"href":"https:\/\/mdk.gorlice.net.pl\/index.php?rest_route=\/wp\/v2\/types\/page"}],"author":[{"embeddable":true,"href":"https:\/\/mdk.gorlice.net.pl\/index.php?rest_route=\/wp\/v2\/users\/2"}],"replies":[{"embeddable":true,"href":"https:\/\/mdk.gorlice.net.pl\/index.php?rest_route=%2Fwp%2Fv2%2Fcomments&post=429"}],"version-history":[{"count":25,"href":"https:\/\/mdk.gorlice.net.pl\/index.php?rest_route=\/wp\/v2\/pages\/429\/revisions"}],"predecessor-version":[{"id":3424,"href":"https:\/\/mdk.gorlice.net.pl\/index.php?rest_route=\/wp\/v2\/pages\/429\/revisions\/3424"}],"up":[{"embeddable":true,"href":"https:\/\/mdk.gorlice.net.pl\/index.php?rest_route=\/wp\/v2\/pages\/358"}],"wp:attachment":[{"href":"https:\/\/mdk.gorlice.net.pl\/index.php?rest_route=%2Fwp%2Fv2%2Fmedia&parent=429"}],"curies":[{"name":"wp","href":"https:\/\/api.w.org\/{rel}","templated":true}]}}