{"id":441,"date":"2010-11-10T10:59:08","date_gmt":"2010-11-10T10:59:08","guid":{"rendered":"http:\/\/mdk.gorlice.net.pl\/?page_id=441"},"modified":"2025-10-20T07:10:08","modified_gmt":"2025-10-20T07:10:08","slug":"karta-zgloszenia","status":"publish","type":"page","link":"https:\/\/mdk.gorlice.net.pl\/?page_id=441","title":{"rendered":"Karta zg\u0142oszenia"},"content":{"rendered":"<p>KARTA ZG\u0141OSZENIA<br \/>\n\u2013 Imi\u0119 i nazwisko solisty<br \/>\n\u2026\u2026\u2026\u2026\u2026\u2026\u2026\u2026\u2026\u2026\u2026\u2026\u2026\u2026\u2026\u2026\u2026\u2026\u2026\u2026\u2026\u2026\u2026\u2026\u2026\u2026\u2026\u2026\u2026\u2026\u2026\u2026\u2026\u2026\u2026\u2026\u2026\u2026\u2026\u2026\u2026\u2026\u2026<br \/>\n\u2013 Kategoria<br \/>\n\u2026\u2026\u2026\u2026\u2026\u2026\u2026\u2026\u2026\u2026\u2026\u2026\u2026\u2026\u2026\u2026\u2026\u2026\u2026\u2026\u2026\u2026\u2026\u2026\u2026\u2026\u2026\u2026\u2026\u2026\u2026\u2026\u2026\u2026\u2026\u2026\u2026\u2026\u2026\u2026\u2026\u2026<br \/>\n\u2013 Tytu\u0142 utworu<br \/>\n\u2026\u2026\u2026\u2026\u2026\u2026\u2026\u2026\u2026\u2026\u2026\u2026\u2026\u2026\u2026\u2026\u2026\u2026\u2026\u2026\u2026\u2026\u2026\u2026\u2026\u2026\u2026\u2026\u2026\u2026\u2026\u2026\u2026\u2026\u2026\u2026\u2026\u2026\u2026\u2026\u2026\u2026\u2026<br \/>\n_____________________________________________________________________<br \/>\nNazwa i adres Szko\u0142y lub Plac\u00f3wki, kt\u00f3ra jest reprezentowana przez wykonawc\u00f3w<br \/>\n\u2026\u2026\u2026\u2026\u2026\u2026\u2026\u2026\u2026\u2026\u2026\u2026\u2026\u2026\u2026\u2026\u2026\u2026\u2026\u2026\u2026\u2026\u2026\u2026\u2026\u2026\u2026\u2026\u2026\u2026\u2026\u2026\u2026\u2026\u2026\u2026\u2026\u2026\u2026\u2026<br \/>\n\u2026\u2026\u2026\u2026\u2026\u2026\u2026\u2026\u2026\u2026\u2026\u2026\u2026\u2026\u2026\u2026\u2026\u2026\u2026\u2026\u2026\u2026\u2026\u2026\u2026\u2026\u2026\u2026\u2026\u2026\u2026\u2026\u2026\u2026\u2026\u2026\u2026\u2026\u2026\u2026<br \/>\n\u2013 Adres e-mail<br \/>\n\u2026\u2026\u2026\u2026\u2026\u2026\u2026\u2026\u2026\u2026\u2026\u2026\u2026\u2026\u2026\u2026\u2026\u2026\u2026\u2026\u2026\u2026\u2026\u2026\u2026\u2026\u2026\u2026\u2026\u2026\u2026\u2026\u2026\u2026\u2026\u2026\u2026\u2026\u2026\u2026<br \/>\n\u2013 Imi\u0119 i nazwisko opiekuna<br \/>\n\u2026\u2026\u2026\u2026\u2026\u2026\u2026\u2026\u2026\u2026\u2026\u2026\u2026\u2026\u2026\u2026\u2026\u2026\u2026\u2026\u2026\u2026\u2026\u2026\u2026\u2026\u2026\u2026\u2026\u2026\u2026\u2026\u2026\u2026\u2026\u2026\u2026\u2026\u2026\u2026<br \/>\n\u2013 Telefon kontaktowy<br \/>\n\u2026\u2026\u2026\u2026\u2026\u2026\u2026\u2026\u2026\u2026\u2026\u2026\u2026\u2026\u2026\u2026\u2026\u2026\u2026\u2026\u2026\u2026\u2026\u2026\u2026\u2026\u2026\u2026\u2026\u2026\u2026\u2026\u2026\u2026\u2026\u2026\u2026\u2026\u2026\u2026<br \/>\n\u2013 Wymagania techniczne<br \/>\n\u2026\u2026\u2026\u2026\u2026\u2026\u2026\u2026\u2026\u2026\u2026\u2026\u2026\u2026\u2026\u2026\u2026\u2026\u2026\u2026\u2026\u2026\u2026\u2026\u2026\u2026\u2026\u2026\u2026\u2026\u2026\u2026\u2026\u2026\u2026\u2026\u2026\u2026\u2026\u2026<br \/>\n\u2026\u2026\u2026\u2026\u2026\u2026\u2026\u2026\u2026\u2026\u2026\u2026\u2026\u2026\u2026\u2026\u2026\u2026\u2026\u2026\u2026\u2026\u2026\u2026\u2026\u2026\u2026\u2026\u2026\u2026\u2026\u2026\u2026\u2026\u2026\u2026\u2026\u2026\u2026\u2026<br \/>\n_____________________________________________________________________<br \/>\nTERMIN PRZYJMOWANIA ZG\u0141OSZE\u0143 UP\u0141YWA 13.11.2025r.<br \/>\nZGODA NA PRZETWARZANIE DANYCH I EWENTUALN\u0104 PUBLIKACJ\u0118 WIZERUNKU<br \/>\nWyra\u017cam zgod\u0119 na udzia\u0142 mojego dziecka w Konkursie Piosenki R\u00f3\u017cnej ( dalej Konkurs ) i zwi\u0105zane z tym przetwarzanie danych osobowych mojego dziecka oraz publikacj\u0119 danych osobowych i wizerunkowych promuj\u0105cych osi\u0105gni\u0119cia dziecka i pozytywny wizerunek Plac\u00f3wki oraz Powiatu Gorlickiego w materia\u0142ach dokumentuj\u0105cych imprez\u0119, w\u00a0szczeg\u00f3lno\u015bci na stronie internetowej i fanpage\u2019u MDK i Powiatu Gorlickiego, a tak\u017ce na \u0142amach lokalnej telewizji i prasy, na\u00a0podstawie art. 6 ust. lit. a og\u00f3lnego rozporz\u0105dzenia o ochronie danych osobowych (RODO).<br \/>\nJednocze\u015bnie o\u015bwiadczam, \u017ce :<br \/>\n1. zapozna\u0142am\/em si\u0119 z tre\u015bci\u0105 Regulaminu Konkursu Piosenki R\u00f3\u017cnej<br \/>\n2. zapozna\u0142am\/em si\u0119 z tre\u015bci\u0105 informacji o przetwarzaniu danych osobowych w MDK, w tym z informacj\u0105 o celu i\u00a0sposobach przetwarzania danych osobowych oraz prawie dost\u0119pu do tre\u015bci danych i\u00a0prawie ich poprawiania;<br \/>\n3. zosta\u0142am\/em poinformowana\/y, \u017ce zgoda mo\u017ce by\u0107 wycofana w ka\u017cdym czasie, ale cofni\u0119cie zgody nie wp\u0142ywa na zgodno\u015b\u0107 z prawem przetwarzania, kt\u00f3rego dokonano na podstawie tej zgody przed jej wycofaniem.<br \/>\nM\u0142odzie\u017cowy Dom Kultury w Gorlicach z siedzib\u0105 przy ul. Cichej 4 w Gorlicach, tel. 0 18\u00a0353 58 91, email: mdk@gorlice.net.pl o\u015bwiadcza, \u017ce nale\u017cycie chroni Twoje dane osobowe. Dane osobowe wykorzystywane s\u0105 wy\u0142\u0105cznie w\u00a0celu uczestnictwa w Powiatowym Konkursie Piosenki R\u00f3\u017cnej oraz publikacji Twoich danych osobowych i wizerunkowych. Przys\u0142uguje Ci prawo wgl\u0105du w Twoje dane osobowe, ich sprostowania oraz uzupe\u0142nienia, prawo ograniczenia przetwarzania, prawo sprzeciwu wobec przetwarzania, prawo do usuni\u0119cia danych i prawo do przenoszenia danych, przy czym realizacj\u0119 niekt\u00f3rych uprawnie\u0144 mog\u0105 wy\u0142\u0105cza\u0107 inne przepisy. W celu skorzystania z ww. praw mo\u017cesz skontaktowa\u0107 si\u0119 z Administratorem, Inspektorem Ochrony Danych ( iod@powiatgorlicki.pl ), a w razie jego nieobecno\u015bci z\u00a0Zast\u0119pc\u0105 Inspektora Ochrony Danych, korzystaj\u0105c ze wskazanych wy\u017cej danych kontaktowych. Szczeg\u00f3\u0142owe informacje w zakresie realizacji poszczeg\u00f3lnych praw mo\u017cna uzyska\u0107 na stronie internetowej plac\u00f3wki pod adresem www.mdk.gorlice.net.pl w\u00a0zak\u0142adce RODO.<br \/>\n\u2026\u2026\u2026\u2026\u2026\u2026\u2026\u2026\u2026\u2026\u2026\u2026\u2026\u2026\u2026\u2026\u2026\u2026.. \u2026\u2026\u2026\u2026\u2026\u2026\u2026\u2026\u2026\u2026\u2026\u2026\u2026\u2026\u2026\u2026\u2026<br \/>\nmiejscowo\u015b\u0107, data podpis rodzica\/opiekuna prawnego<\/p>\n","protected":false},"excerpt":{"rendered":"<p>KARTA ZG\u0141OSZENIA \u2013 Imi\u0119 i nazwisko solisty \u2026\u2026\u2026\u2026\u2026\u2026\u2026\u2026\u2026\u2026\u2026\u2026\u2026\u2026\u2026\u2026\u2026\u2026\u2026\u2026\u2026\u2026\u2026\u2026\u2026\u2026\u2026\u2026\u2026\u2026\u2026\u2026\u2026\u2026\u2026\u2026\u2026\u2026\u2026\u2026\u2026\u2026\u2026 \u2013 Kategoria \u2026\u2026\u2026\u2026\u2026\u2026\u2026\u2026\u2026\u2026\u2026\u2026\u2026\u2026\u2026\u2026\u2026\u2026\u2026\u2026\u2026\u2026\u2026\u2026\u2026\u2026\u2026\u2026\u2026\u2026\u2026\u2026\u2026\u2026\u2026\u2026\u2026\u2026\u2026\u2026\u2026\u2026 \u2013 Tytu\u0142 utworu \u2026\u2026\u2026\u2026\u2026\u2026\u2026\u2026\u2026\u2026\u2026\u2026\u2026\u2026\u2026\u2026\u2026\u2026\u2026\u2026\u2026\u2026\u2026\u2026\u2026\u2026\u2026\u2026\u2026\u2026\u2026\u2026\u2026\u2026\u2026\u2026\u2026\u2026\u2026\u2026\u2026\u2026\u2026 _____________________________________________________________________ Nazwa i adres Szko\u0142y lub Plac\u00f3wki, kt\u00f3ra jest reprezentowana przez wykonawc\u00f3w \u2026\u2026\u2026\u2026\u2026\u2026\u2026\u2026\u2026\u2026\u2026\u2026\u2026\u2026\u2026\u2026\u2026\u2026\u2026\u2026\u2026\u2026\u2026\u2026\u2026\u2026\u2026\u2026\u2026\u2026\u2026\u2026\u2026\u2026\u2026\u2026\u2026\u2026\u2026\u2026 \u2026\u2026\u2026\u2026\u2026\u2026\u2026\u2026\u2026\u2026\u2026\u2026\u2026\u2026\u2026\u2026\u2026\u2026\u2026\u2026\u2026\u2026\u2026\u2026\u2026\u2026\u2026\u2026\u2026\u2026\u2026\u2026\u2026\u2026\u2026\u2026\u2026\u2026\u2026\u2026 \u2013 Adres e-mail \u2026\u2026\u2026\u2026\u2026\u2026\u2026\u2026\u2026\u2026\u2026\u2026\u2026\u2026\u2026\u2026\u2026\u2026\u2026\u2026\u2026\u2026\u2026\u2026\u2026\u2026\u2026\u2026\u2026\u2026\u2026\u2026\u2026\u2026\u2026\u2026\u2026\u2026\u2026\u2026 \u2013 Imi\u0119 i nazwisko opiekuna \u2026\u2026\u2026\u2026\u2026\u2026\u2026\u2026\u2026\u2026\u2026\u2026\u2026\u2026\u2026\u2026\u2026\u2026\u2026\u2026\u2026\u2026\u2026\u2026\u2026\u2026\u2026\u2026\u2026\u2026\u2026\u2026\u2026\u2026\u2026\u2026\u2026\u2026\u2026\u2026 \u2013 Telefon kontaktowy \u2026\u2026\u2026\u2026\u2026\u2026\u2026\u2026\u2026\u2026\u2026\u2026\u2026\u2026\u2026\u2026\u2026\u2026\u2026\u2026\u2026\u2026\u2026\u2026\u2026\u2026\u2026\u2026\u2026\u2026\u2026\u2026\u2026\u2026\u2026\u2026\u2026\u2026\u2026\u2026 \u2013 Wymagania techniczne \u2026\u2026\u2026\u2026\u2026\u2026\u2026\u2026\u2026\u2026\u2026\u2026\u2026\u2026\u2026\u2026\u2026\u2026\u2026\u2026\u2026\u2026\u2026\u2026\u2026\u2026\u2026\u2026\u2026\u2026\u2026\u2026\u2026\u2026\u2026\u2026\u2026\u2026\u2026\u2026 \u2026\u2026\u2026\u2026\u2026\u2026\u2026\u2026\u2026\u2026\u2026\u2026\u2026\u2026\u2026\u2026\u2026\u2026\u2026\u2026\u2026\u2026\u2026\u2026\u2026\u2026\u2026\u2026\u2026\u2026\u2026\u2026\u2026\u2026\u2026\u2026\u2026\u2026\u2026\u2026 _____________________________________________________________________ TERMIN PRZYJMOWANIA ZG\u0141OSZE\u0143 UP\u0141YWA 13.11.2025r. ZGODA [&hellip;]<\/p>\n","protected":false},"author":2,"featured_media":0,"parent":340,"menu_order":157,"comment_status":"closed","ping_status":"open","template":"","meta":{"ngg_post_thumbnail":0},"_links":{"self":[{"href":"https:\/\/mdk.gorlice.net.pl\/index.php?rest_route=\/wp\/v2\/pages\/441"}],"collection":[{"href":"https:\/\/mdk.gorlice.net.pl\/index.php?rest_route=\/wp\/v2\/pages"}],"about":[{"href":"https:\/\/mdk.gorlice.net.pl\/index.php?rest_route=\/wp\/v2\/types\/page"}],"author":[{"embeddable":true,"href":"https:\/\/mdk.gorlice.net.pl\/index.php?rest_route=\/wp\/v2\/users\/2"}],"replies":[{"embeddable":true,"href":"https:\/\/mdk.gorlice.net.pl\/index.php?rest_route=%2Fwp%2Fv2%2Fcomments&post=441"}],"version-history":[{"count":18,"href":"https:\/\/mdk.gorlice.net.pl\/index.php?rest_route=\/wp\/v2\/pages\/441\/revisions"}],"predecessor-version":[{"id":3552,"href":"https:\/\/mdk.gorlice.net.pl\/index.php?rest_route=\/wp\/v2\/pages\/441\/revisions\/3552"}],"up":[{"embeddable":true,"href":"https:\/\/mdk.gorlice.net.pl\/index.php?rest_route=\/wp\/v2\/pages\/340"}],"wp:attachment":[{"href":"https:\/\/mdk.gorlice.net.pl\/index.php?rest_route=%2Fwp%2Fv2%2Fmedia&parent=441"}],"curies":[{"name":"wp","href":"https:\/\/api.w.org\/{rel}","templated":true}]}}